2 - 12 - 4 + 14 - y. Suppose 0*g - 8*g = 0. Determine r(g).
-2
Let v(l) = -l**2 + 7*l + 1. Suppose 0 = -t + 2 + 5. What is v(t)?
1
Let p be -1*((2 - -1) + -1). Let h(v) = -2*v**2 + 2. Determine h(p).
-6
Let s(l) = l**2 + 5*l - 8. Suppose 2*w = 6*w + 24. What is s(w)?
-2
Let o be (2 - 3)*(-1)/1. Suppose 4*w + 4 = 0, l + 2*w - 6*w = 5. Let j(r) = -2 - r**2 + l - 3*r**2. What is j(o)?
-5
Let g(t) = t - 1. Let q be (-35)/(-8) - 6/16. Determine g(q).
3
Let u(x) = x**3 - 5*x**2 + 3*x + 2. Suppose 0 = -d - 5*z + 34, z + 11 - 34 = -2*d. Let p be (-3 - 1) + (0 - 1). Let y = p + d. Calculate u(y).
-2
Let x(v) = -2*v - 1. Let c = 16 + -31. Let s(g) = -10*g**3 + 1. Let j be s(-1). Let h = c + j. Calculate x(h).
7
Let s(h) = h**3 - 4*h**2 + 3*h - 1. Suppose -5*g + n + 1 - 4 = 0, 4*g = -5*n + 15. Suppose g = 5*j - 2*w - 9, 3*w - 8 - 1 = 0. Determine s(j).
-1
Let g(n) = -7*n - 10*n + 15*n. Let m be (-5)/(1*-1 + 0). What is g(m)?
-10
Let o(z) be the second derivative of 2*z**3/3 - z**2/2 + 8*z. What is o(-2)?
-9
Suppose v = 5*v - 8. Let f(q) = -5*q**2 + q + 1. Determine f(v).
-17
Let w(f) = -2*f. Let l(d) = -5*d + 1. Let j(i) = 3*l(i) - 8*w(i). Let x(v) = -v**2 - 4*v + 7. Suppose 0 = -s, 2*s = 3*o - o + 12. Let q be x(o). Give j(q).
-2
Let q(a) = -7*a + 2*a**2 - 3 - a**2 - 2*a**2. Let z(m) = -8*m - 18. Let h(y) = -3*y - 6. Let k(t) = 11*h(t) - 4*z(t). Let w be k(11). Determine q(w).
7
Let o(z) = 0 + 0 - z + 5. Let q(f) be the first derivative of -3*f**2/2 - 4*f - 1. Let h be q(-3). Determine o(h).
0
Let i(s) = 2*s - 28. Let x be i(14). Let u(h) = h**2 + h - 15. Give u(x).
-15
Let a(u) = 6*u + 6. Let h(m) = 12*m + 13. Let j(d) = 9*a(d) - 4*h(d). Determine j(2).
14
Let j(y) = -5*y + 5. Suppose -2*b + 3 = -5. Give j(b).
-15
Let f(y) be the second derivative of y**3/2 + 5*y. Calculate f(2).
6
Let a(i) = 2*i - 10. Let n be a(5). Let k(f) = f + 3. Let r be k(0). Suppose r*g + 14 - 5 = n. Let q(u) = -u**3 - 2*u**2 + 3*u + 3. Determine q(g).
3
Let f(a) = a**2 - 3*a + 3. Let w be f(3). Let i(v) = -4*v**3 + 4*v**2 + 6*v - 2. Let q(u) = -3*u**3 + 3*u**2 + 5*u - 2. Let h(n) = 2*i(n) - 3*q(n). Give h(w).
11
Let f(v) be the second derivative of -2*v**3/3 - v**2 + 3*v. Give f(-3).
10
Suppose -2*b + 0 = -8. Let h(p) = -11*p - 3*p**3 - 1 + 11*p + 2*p**3 + b*p**2 - 2*p. Determine h(3).
2
Suppose 0 = -3*k - 2*k + 60. Let q = -7 + k. Let w(g) = g. Give w(q).
5
Let q(j) = j**3 + 9*j**2 - 10*j - 1. Let z be q(-10). Let g(a) = -8*a**2 + 1. Determine g(z).
-7
Let o(z) = -1 + z**3 - 3 - 4*z + 6 - 3*z**2. Let k be (16/(-6))/(2/(-3)). What is o(k)?
2
Let k(z) be the third derivative of -z**5/10 - 11*z**2. Let d(v) = -v**2 + 7*v - 3. Let s be d(7). Let j = s + 4. What is k(j)?
-6
Let y(h) = -7*h**3 + 9*h**2 + 11*h. Let j(d) = -4*d**3 + 5*d**2 + 6*d. Let l(r) = 11*j(r) - 6*y(r). Determine l(1).
-1
Suppose v - 4*v + 2*v = 0. Let h(j) = -j**3 - j**2 + 1. Calculate h(v).
1
Let k(b) = 4*b**2 + 4*b + 2. Let j be (-3)/6*(-2 + 6). What is k(j)?
10
Let l be (-8)/(-14) + 1254/231. Let x(q) = 2*q - 8. Determine x(l).
4
Let q(n) = -n + 14. Let j be q(7). Let l(b) = b**3 + 1 + 4*b**2 + 1 - j. Calculate l(-4).
-5
Suppose -c + 9 = 2*c. Suppose -c*r + 2 = -r. Let b(z) = 4*z. Give b(r).
4
Let p(x) = x**2 - 6*x - 3. Suppose -33 = 5*n - 13. Let j be ((-2)/n)/(13/130). Calculate p(j).
-8
Let v(a) = -a**3 + 9*a**2 - 7*a. Let u = 77 - 69. Give v(u).
8
Let k(b) = -b + 1. Let d be k(-3). Let l(s) = -s**3 + 2*s**2 + 5*s + 1. What is l(d)?
-11
Suppose 5*m = 4*w - 16, -7*m + 3*m + 34 = 2*w. Let j = -6 + w. Suppose 2*y - 5 = -j. Let p(d) = -5*d. Calculate p(y).
-5
Let c(b) be the second derivative of b**3/3 + 4*b**2 + 3*b. Let w be c(-7). Let q(x) = 4 + 1 + 0*x**3 - 2 - x**3 - 6*x**2. Calculate q(w).
3
Let s(n) = n**2 + 5. Let d be s(0). Let k(l) be the third derivative of -1/24*l**4 + 7/6*l**3 - 2*l**2 + 0*l + 0. What is k(d)?
2
Let p(d) = 5*d. Let f(z) = -2*z. Let k(t) = 8*f(t) + 3*p(t). What is k(-3)?
3
Let g be (4/((-32)/6))/((-123)/656). Let w(c) = -9*c. Let v(j) = 13*j. Let h(d) = 5*v(d) + 7*w(d). What is h(g)?
8
Let f = -16 - -7. Let j = -12 - f. Let h(k) = 2*k - 2 + 2. Give h(j).
-6
Let t(p) = p**3 + 2*p**2 - 4 + 2 + 2*p**2. Suppose d + 10 = -3*c + 2*d, 6 = -3*d. Give t(c).
-2
Let m(k) = 2*k**2 - 3*k + 2. Let o be m(2). Let c(l) = 2 - o + 4 - 3*l. Suppose -2*d = 4*r + 2, d = 2*r - 2*d + 13. Determine c(r).
8
Let t be (-1 + 5)/(4/(-6)). Let a be 1 - 6/(t/3). Let d(v) = v + 4. Give d(a).
8
Let x(c) be the third derivative of 4*c**2 + 0 - 1/60*c**5 + 0*c - c**3 - 1/24*c**4 + 1/120*c**6. Give x(0).
-6
Let p(z) be the second derivative of -z**5/20 + 2*z**4/3 + 5*z**3/3 - 2*z**2 - 10*z. Give p(9).
5
Let k(q) = q**2 + 2*q - 1. Let f be (-1)/(-2)*1*10. Suppose 0*b + 4*b - f*r + 8 = 0, 4*b + 3*r = 24. Suppose 0 = -b*j - 2 - 7. What is k(j)?
2
Let f(s) = 3*s**2 - 7*s + 5. Let u(h) = -2*h**2 + 4*h - 3. Let t(p) = -3*f(p) - 5*u(p). Determine t(-1).
0
Let f(x) = -x + 3. Let p be f(2). Let y(c) = -11*c**3 + c**2. What is y(p)?
-10
Let m = -20 + 15. Let n(j) = -j - 7. Give n(m).
-2
Let h(r) = -20*r - 20. Let b(q) = -13*q - 13. Let z(u) = -8*b(u) + 5*h(u). Give z(-3).
-8
Let m = -10 - -17. Let d(p) = -p**3 - m*p**2 + 21*p + 2*p**2 - 2 - 16*p + 0*p**2. Calculate d(-6).
4
Suppose s - 1 = 0, -2*s - 13 = 3*n - 0. Let l(i) = -i**2 - 8*i - 5. Give l(n).
10
Let w(r) = -r**3 - r + 4. Suppose 5*p - 16 = 2*q, 0*q = -3*q + 5*p - 14. Suppose -t = -q*t. Suppose t = x + x. Give w(x).
4
Let p(z) = -z**3 + 5*z**2 - 2*z - 4. Let t(d) = -3*d**3 + 10*d**2 - 5*d - 9. Let f(x) = -5*p(x) + 2*t(x). What is f(-5)?
2
Let m = -12 + 7. Let w(y) = 4*y**3 - 6*y**2 - 2*y - 11. Let k(v) = v**3 + v - 1. Let r be (-54)/(-10) + (-14)/35. Let f(d) = r*k(d) - w(d). Determine f(m).
-4
Let c(l) = l + 3. Suppose 30 + 19 = -7*q. Give c(q).
-4
Let o(i) be the first derivative of i**2/2 - 5*i + 2. Let t be o(7). Let n(b) = t*b + 3 + 0*b - b - 5*b. Give n(2).
-5
Let o(h) = -5*h**3 + 2*h**2 - 9*h + 8. Let g be o(1). Let w(d) be the second derivative of d**3/6 - d. Determine w(g).
-4
Let b(d) = -5*d**2 - 6*d - 8. Let p(m) be the second derivative of 11*m**4/12 + 13*m**3/6 + 17*m**2/2 - 3*m. Let f(j) = 13*b(j) + 6*p(j). Calculate f(2).
2
Suppose -g = l - 8, 3*l + g = 7 + 9. Suppose -l*d - 33 = -13. Let t(j) be the first derivative of -j**4/4 - 5*j**3/3 - 6*j + 2. Determine t(d).
-6
Let q(p) = p. Let y(d) = 4*d. Let z(b) = 7*q(b) - 2*y(b). Let x = 32 + -19. Suppose 0 = 2*a - 5*w + x, -a + 0*w + 3*w = 8. Give z(a).
-1
Let j(a) = 2*a + 6 + 0 - 3*a. Let c(u) = -u**3 - 19*u**2 + 20*u + 7. Let t be c(-20). Calculate j(t).
-1
Suppose 2 = -5*w + 17. Let n(p) = -7*p**2 + 4 - 7*p - p**w - 8 - 5. What is n(-6)?
-3
Let x(n) = -n**3 + 3*n + 3. Let a = -15 - -4. Let o = -6 - a. Suppose -y = 4, 3*y - 2 = o*l + y. What is x(l)?
5
Let u be (-2 - (0 + 1)) + 0. Let r = 8 + u. Let m(h) be the second derivative of h**3/3 - 3*h**2 + h. Give m(r).
4
Let z = -1 + 1. Let f(d) be the second derivative of d**4/12 + d**3/6 + 7*d**2/2 - 38*d. Calculate f(z).
7
Let n(h) = -5*h + 4*h - 40 + 0*h + 46. What is n(0)?
6
Let j(z) = 10*z + 3. Suppose -4*c + 11*c = -14. Determine j(c).
-17
Let r(u) = -u**2 + 4*u + 5. Let d be r(5). Let z(j) = j**2 - 2 - 3 - 12*j + 11*j + d*j**2. Calculate z(0).
-5
Let s be ((-1)/2)/(4/(-40)). Let v(y) = -y + 3. Give v(s).
-2
Let x(n) = 26*n + 4. Let h(q) = -5*q - 1. Let i(t) = -16*h(t) - 3*x(t). Give i(-3).
-2
Let f(c) = 5*c + 3. Let n(r) = 5*r + 2. Let p(w) = 3*f(w) - 4*n(w). Determine p(-3).
16
Suppose -z + 5 = w, 9 + 13 = 5*z + 2*w. Suppose 10 = z*c + 2. Let q(f) = 2*f**2 - 1. What is q(c)?
7
Let s(j) be the first derivative of 5*j**3/3 + j**2 + j + 1. Let v(n) = n**3 - 8*n**2 + 8*n - 8. Let w be 2/(-5) + 37/5. Let p be v(w). Determine s(p).
4
Suppose -2*f + 2 = p - 2, -5*f - 4*p = -13. Let m(z) = 7*z - 1. Give m(f).
6
Let a be 0/(-2 + 5) + (0 - 2). Let l(k) be the first derivative of k**4/4 + 5*k**3/3 + k**2 - 2*k - 1. Determine l(a).
6
Let w(z) = z**2 - 4*z + 1117 - 6*z + 4*z - 1125. What is w(8)?
8
Let f(b) = -5*b**2. Let o be f(1). Let t(s) = -s**3 - 5*s**2 - 3. What is t(o)?
-3
Let k(w) = 3*w**3 + 3*w**2 - 8*w + 1. Let o(z) = 7*z**3 + 6*z**2 - 17*z + 3. Let x(h) = 5*k(h) - 2*o(h). Determine x(-5).
-21
Let d(m) = -7 - m + 7 - 1 - 5*m**2. What is d(-1)?
-5
Let